digit of 582806?
2
What is the hundreds digit of 1964869?
8
What is the millions digit of 13971117?
3
What is the thousands digit of 4061495?
1
What is the units digit of 45076?
6
What is the tens digit of 1468542?
4
What is the tens digit of 18341942?
4
What is the thousands digit of 25022225?
2
What is the hundreds digit of 11164644?
6
What is the hundred thousands digit of 4617846?
6
What is the thousands digit of 546254?
6
What is the tens digit of 6976775?
7
What is the hundred thousands digit of 1873925?
8
What is the tens digit of 2872917?
1
What is the hundred thousands digit of 129076?
1
What is the ten thousands digit of 131241?
3
What is the hundred thousands digit of 216601?
2
What is the hundred thousands digit of 239044?
2
What is the tens digit of 42314885?
8
What is the hundred thousands digit of 6610598?
6
What is the hundred thousands digit of 291406?
2
What is the hundreds digit of 1292045?
0
What is the hundred thousands digit of 251129?
2
What is the tens digit of 3379598?
9
What is the millions digit of 2097035?
2
What is the thousands digit of 17202179?
2
What is the thousands digit of 1275599?
5
What is the hundreds digit of 487823?
8
What is the thousands digit of 28391217?
1
What is the units digit of 171576?
6
What is the hundreds digit of 235256?
2
What is the ten thousands digit of 313587?
1
What is the ten thousands digit of 304355?
0
What is the hundred thousands digit of 221042?
2
What is the ten thousands digit of 294102?
9
What is the ten thousands digit of 191538?
9
What is the thousands digit of 9121375?
1
What is the hundreds digit of 3089962?
9
What is the thousands digit of 8516817?
6
What is the tens digit of 247755?
5
What is the hundred thousands digit of 4513517?
5
What is the units digit of 3526964?
4
What is the millions digit of 5471266?
5
What is the ten thousands digit of 3267469?
6
What is the units digit of 611897?
7
What is the hundred thousands digit of 1237295?
2
What is the units digit of 555319?
9
What is the tens digit of 351291?
9
What is the ten thousands digit of 291161?
9
What is the hundreds digit of 3011?
0
What is the ten thousands digit of 10196811?
9
What is the tens digit of 23918552?
5
What is the tens digit of 10320224?
2
What is the hundreds digit of 27733652?
6
What is the millions digit of 3375214?
3
What is the thousands digit of 12728710?
8
What is the hundred thousands digit of 25052766?
0
What is the thousands digit of 77422?
7
What is the hundred thousands digit of 1304612?
3
What is the hundred thousands digit of 487005?
4
What is the tens digit of 2533463?
6
What is the tens digit of 19271755?
5
What is the hundreds digit of 262208?
2
What is the ten millions digit of 13778709?
1
What is the hundred thousands digit of 6313599?
3
What is the ten thousands digit of 2221756?
2
What is the tens digit of 3958995?
9
What is the tens digit of 853724?
2
What is the thousands digit of 388579?
8
What is the tens digit of 11423951?
5
What is the hundreds digit of 230528?
5
What is the millions digit of 1323201?
1
What is the hundreds digit of 3048198?
1
What is the ten thousands digit of 1811616?
1
What is the hundreds digit of 576720?
7
What is the tens digit of 5345?
4
What is the thousands digit of 683161?
3
What is the hundred thousands digit of 1072274?
0
What is the ten millions digit of 27507337?
2
What is the ten thousands digit of 723250?
2
What is the thousands digit of 15141499?
1
What is the ten millions digit of 13998753?
1
What is the ten thousands digit of 530600?
3
What is the tens digit of 346517?
1
What is the thousands digit of 1133281?
3
What is the tens digit of 532191?
9
What is the units digit of 3876437?
7
What is the hundreds digit of 407341?
3
What is the hundred thousands digit of 361465?
3
What is the millions digit of 2702233?
2
What is the ten millions digit of 13992569?
1
What is the hundred thousands digit of 3420573?
4
What is the ten thousands digit of 2203791?
0
What is the tens digit of 6771275?
7
What is the units digit of 15802710?
0
What is the tens digit of 564064?
6
What is the tens digit of 1497546?
4
What is the hundred thousands digit of 233804?
2
What is the tens digit of 252285?
8
What is the tens digit of 483953?
5
What is the hundreds digit of 7079668?
6
What is the hundred thousands digit of 3077428?
0
What is the thousands digit of 406452?
6
What is the hundreds digit of 274018?
0
What is the hundreds digit of 650982?
9
What is the tens digit of 881037?
3
What is the hundreds digit of 1677673?
6
What is the ten thousands digit of 4064385?
6
What is the hundred thousands digit of 6401372?
4
What is the tens digit of 275575?
7
What is the hundred thousands digit of 703370?
7
What is the millions digit of 1158677?
1
What is the tens digit of 21135330?
3
What is the hundreds digit of 1572993?
9
What is the ten thousands digit of 5917935?
1
What is the millions digit of 7980029?
7
What is the ten thousands digit of 85189?
8
What is the hundreds digit of 9147924?
9
What is the thousands digit of 246789?
6
What is the units digit of 1471189?
9
What is the units digit of 459505?
5
What is the hundred thousands digit of 162803?
1
What is the thousands digit of 15228?
5
What is the units digit of 221192?
2
What is the hundreds digit of 5000215?
2
What is the thousands digit of 478719?
8
What is the hundred thousands digit of 281208?
2
What is the ten thousands digit of 812284?
1
What is the hundreds digit of 453044?
0
What is the hundred thousands digit of 5530459?
5
What is the millions digit of 12870044?
2
What is the units digit of 61359?
9
What is the thousands digit of 684226?
4
What is the hundred thousands digit of 1867458?
8
What is the hundred thousands digit of 968752?
9
What is the units digit of 31456773?
3
What is the ten thousands digit of 16171373?
7
What is the tens digit of 849491?
9
What is the ten thousands digit of 1288019?
8
What is the units digit of 679937?
7
What is the hundred thousands digit of 1850213?
8
What is the hundred thousands digit of 213029?
2
What is the hundred thousands digit of 289298?
2
What is the hundreds digit of 122428?
4
What is the ten thousands digit of 1914473?
1
What is the thousands digit of 14938708?
8
What is the millions digit of 1183660?
1
What is the hundreds digit of 1270223?
2
What is the ten thousands digit of 13712296?
1
What is the ten thousands digit of 6233104?
3
What is the hundreds digit of 233554?
5
What is the hundreds digit of 2188612?
6
What is the units digit of 764286?
6
What is the thousands digit of 1657436?
7
What is the hundreds digit of 185014?
0
What is the units digit of 418975?
5
What is the millions digit of 2349669?
2
What is the hundred thousands digit of 25227901?
2
What is the hundred thousands digit of 645191?
6
What is the ten thousands digit of 573976?
7
What is the hundreds digit of 321758?
7
What is the hundred thousands digit of 19828014?
8
What is the hundred thousands digit of 3036870?
0
What is the thousands digit of 925644?
5
What is the ten thousands digit of 602017?
0
What is the tens digit of 9583?
8
What is the units digit of 21545516?
6
What is the tens digit of 22717369?
6
What is the thousands digit of 35594?
5
What is the tens digit of 898317?
1
What is the hundred thousands digit of 908188?
9
What is the tens digit of 456132?
3
What is the hundred thousands digit of 7111357?
1
What is the units digit of 13561744?
4
What is the ten thousands digit of 19021?
1
What is the hundreds digit of 1009261?
2
What is the hundred thousands digit of 924115?
9
What is the millions digit of 4188405?
4
What is the ten thousands digit of 669460?
6
What is the units digit of 384981?
1
What is the thousands digit of 23890535?
0
What is the tens digit of 211850?
5
What is the tens digit of 1074752?
5
What is the hundreds digit of 6543008?
0
What is the hundreds digit of 1048735?
7
What is the units digit of 4335133?
3
What is the thousands digit of 296191?
6
What is the ten thousands digit of 13646060?
4
What is the ten thousands digit of 871725?
7
What is the thousands digit of 4360036?
0
What is the thousands digit of 411051?
1
What is the hundred thousands digit of 178880?
1
What is the thousands digit of 853317?
3
What is the thousands digit of 630